{"id":73,"date":"2025-04-25T14:37:28","date_gmt":"2025-04-25T14:37:28","guid":{"rendered":"https:\/\/warp-project.eu\/?page_id=73"},"modified":"2025-05-17T08:41:39","modified_gmt":"2025-05-17T05:41:39","slug":"about","status":"publish","type":"page","link":"https:\/\/warp-project.eu\/es\/about\/","title":{"rendered":"Con\u00f3cenos"},"content":{"rendered":"<div data-aos= \"slide-up\" data-aos-duration=\"400\" data-aos-delay=\"0\" data-aos-easing=\"ease\" data-aos-once=\"true\" class=\"wp-block-uagb-container main-page-green upper-paper-bg uagb-block-ec3ed751 alignfull uagb-is-root-container\">\n<div class=\"wp-block-uagb-container uagb-block-6da24eda alignfull uagb-is-root-container\">\n<h2 class=\"wp-block-heading\">Acerca del proyecto<\/h2>\n\n\n\n<div class=\"wp-block-columns is-layout-flex wp-container-core-columns-is-layout-9d6595d7 wp-block-columns-is-layout-flex\">\n<div class=\"wp-block-column is-layout-flow wp-block-column-is-layout-flow\" style=\"flex-basis:66.66%\">\n<p>El proyecto de Gesti\u00f3n de Residuos y Reciclaje para la Transici\u00f3n Dual de la Formaci\u00f3n Profesional (WARP, por sus siglas en ingl\u00e9s) es una iniciativa dise\u00f1ada para mejorar la formaci\u00f3n profesional en los Balcanes Occidentales que busca capacitar a los formadores de educaci\u00f3n y formaci\u00f3n de profesionales (EFP) en competencias digitales y ecol\u00f3gicas con el objetivo de gestionar los residuos pl\u00e1sticos de forma sostenible e innovar las pr\u00e1cticas de reciclaje. Al frente de este proyecto se encuentra un consorcio formado por nueve socios de cuatro pa\u00edses: Albania, Kosovo, Grecia y Espa\u00f1a.<\/p>\n\n\n\n<p>El WARP prev\u00e9 un avance sistem\u00e1tico, hol\u00edstico e innovador en el panorama de la EFP en los pa\u00edses destinatarios que repercutir\u00e1 a su vez en la sociedad global. El objetivo principal es fomentar la concienciaci\u00f3n y la innovaci\u00f3n en las pr\u00e1cticas y metodolog\u00edas de gesti\u00f3n sostenible de residuos y reciclaje por medio de la capacitaci\u00f3n de los formadores de EFP. De este modo, se educa tanto a los formadores como a los agentes sociales, gubernamentales y profesionales clave, con el fin de impulsar la implementaci\u00f3n de soluciones eficaces frente al urgente desaf\u00edo medioambiental de la contaminaci\u00f3n por pl\u00e1sticos.<\/p>\n<\/div>\n\n\n\n<div class=\"wp-block-column is-layout-flow wp-block-column-is-layout-flow\" style=\"flex-basis:33.33%\">\n<figure class=\"wp-block-image size-full\"><img loading=\"lazy\" decoding=\"async\" width=\"1600\" height=\"1038\" src=\"https:\/\/warp-project.eu\/wp-content\/uploads\/2025\/05\/9.jpg\" alt=\"9\" class=\"wp-image-245\" srcset=\"https:\/\/warp-project.eu\/wp-content\/uploads\/2025\/05\/9.jpg 1600w, https:\/\/warp-project.eu\/wp-content\/uploads\/2025\/05\/9-650x422.jpg 650w, https:\/\/warp-project.eu\/wp-content\/uploads\/2025\/05\/9-1280x830.jpg 1280w, https:\/\/warp-project.eu\/wp-content\/uploads\/2025\/05\/9-768x498.jpg 768w, https:\/\/warp-project.eu\/wp-content\/uploads\/2025\/05\/9-1536x996.jpg 1536w, https:\/\/warp-project.eu\/wp-content\/uploads\/2025\/05\/9-18x12.jpg 18w\" sizes=\"auto, (max-width: 1600px) 100vw, 1600px\" \/><\/figure>\n<\/div>\n<\/div>\n\n\n\n<h2 class=\"wp-block-heading\">Metodolog\u00eda autosostenible de WARP<\/h2>\n\n\n\n<div class=\"wp-block-columns is-layout-flex wp-container-core-columns-is-layout-9d6595d7 wp-block-columns-is-layout-flex\">\n<div class=\"wp-block-column is-layout-flow wp-block-column-is-layout-flow\" style=\"flex-basis:66.66%\">\n<p><strong>1. Paquete de desarrollo de capacidades:<\/strong><\/p>\n\n\n\n<ul class=\"wp-block-list about-list\">\n<li>Planes de estudio modulares que facilitan un aprendizaje aut\u00f3nomo y flexible.<\/li>\n\n\n\n<li>Cursos de autonom\u00eda libre a trav\u00e9s de un Entorno Virtual de Aprendizaje (VLE)<\/li>\n\n\n\n<li>Recursos educativos de libre acceso (OER)<\/li>\n<\/ul>\n\n\n\n<p><strong>2. Tutor\u00eda y estudios de caso<\/strong><\/p>\n\n\n\n<ul class=\"wp-block-list about-list\">\n<li>Fomentar el crecimiento individual al enfrentarse a problemas reales.<\/li>\n\n\n\n<li>Fomentar el aprendizaje reflexivo y su puesta en pr\u00e1ctica<\/li>\n<\/ul>\n\n\n\n<p><strong><\/strong><strong>3. Hermanamiento y movilidad<\/strong><\/p>\n\n\n\n<ul class=\"wp-block-list about-list\">\n<li>Cultivar habilidades pr\u00e1cticas alineadas con las necesidades del mercado y del entorno<\/li>\n\n\n\n<li>Aprendizaje basado en proyectos que permite aplicar los conocimientos en contextos pr\u00e1cticos<\/li>\n<\/ul>\n\n\n\n<p><strong><\/strong><strong>4. Formaci\u00f3n de formadores (ToT)<\/strong><\/p>\n\n\n\n<ul class=\"wp-block-list about-list\">\n<li>Aprendizaje basado en proyectos que permite aplicar los conocimientos en contextos pr\u00e1cticos<\/li>\n\n\n\n<li>Cultivar habilidades pr\u00e1cticas alineadas con las necesidades del mercado y del entorno<\/li>\n<\/ul>\n\n\n\n<p><strong>5. Colaboraci\u00f3n con la comunidad y la industria<\/strong><\/p>\n\n\n\n<p>Un elemento central de WARP es la Comunidad de Pr\u00e1cticas (CoP, por sus siglas en ingl\u00e9s), una red cada vez mayor de profesionales de la EFP dedicados a:<\/p>\n\n\n\n<ul class=\"wp-block-list about-list\">\n<li>El aprendizaje y la colaboraci\u00f3n continuos<\/li>\n\n\n\n<li>El intercambio de enfoques innovadores<\/li>\n\n\n\n<li>El mantenimiento de la alineaci\u00f3n con las normas de la industria y del mercado laboral<\/li>\n<\/ul>\n<\/div>\n\n\n\n<div class=\"wp-block-column is-layout-flow wp-block-column-is-layout-flow\" style=\"flex-basis:33.33%\">\n<figure class=\"wp-block-image size-full\"><img loading=\"lazy\" decoding=\"async\" width=\"1600\" height=\"1472\" src=\"https:\/\/warp-project.eu\/wp-content\/uploads\/2025\/05\/10.png\" alt=\"10\" class=\"wp-image-251\" srcset=\"https:\/\/warp-project.eu\/wp-content\/uploads\/2025\/05\/10.png 1600w, https:\/\/warp-project.eu\/wp-content\/uploads\/2025\/05\/10-650x598.png 650w, https:\/\/warp-project.eu\/wp-content\/uploads\/2025\/05\/10-1280x1178.png 1280w, https:\/\/warp-project.eu\/wp-content\/uploads\/2025\/05\/10-768x707.png 768w, https:\/\/warp-project.eu\/wp-content\/uploads\/2025\/05\/10-1536x1413.png 1536w, https:\/\/warp-project.eu\/wp-content\/uploads\/2025\/05\/10-13x12.png 13w\" sizes=\"auto, (max-width: 1600px) 100vw, 1600px\" \/><\/figure>\n<\/div>\n<\/div>\n<\/div>\n<\/div>","protected":false},"excerpt":{"rendered":"<p>ABOUT THE PROJECT The Waste and Recycling<\/p>","protected":false},"author":1,"featured_media":0,"parent":0,"menu_order":0,"comment_status":"closed","ping_status":"closed","template":"page-fluid.php","meta":{"_acf_changed":false,"_uag_custom_page_level_css":"","footnotes":""},"class_list":["post-73","page","type-page","status-publish","hentry"],"acf":[],"yoast_head":"<!-- This site is optimized with the Yoast SEO plugin v25.0 - https:\/\/yoast.com\/wordpress\/plugins\/seo\/ -->\n<title>About - Warp<\/title>\n<meta name=\"robots\" content=\"noindex, follow, max-snippet:-1, max-image-preview:large, max-video-preview:-1\" \/>\n<meta property=\"og:locale\" content=\"es_ES\" \/>\n<meta property=\"og:type\" content=\"article\" \/>\n<meta property=\"og:title\" content=\"About - Warp\" \/>\n<meta property=\"og:description\" content=\"ABOUT THE PROJECT The Waste and Recycling\" \/>\n<meta property=\"og:url\" content=\"https:\/\/warp-project.eu\/es\/about\/\" \/>\n<meta property=\"og:site_name\" content=\"Warp\" \/>\n<meta property=\"article:modified_time\" content=\"2025-05-17T05:41:39+00:00\" \/>\n<meta property=\"og:image\" content=\"https:\/\/warp-project.eu\/wp-content\/uploads\/2025\/05\/9.jpg\" \/>\n\t<meta property=\"og:image:width\" content=\"1600\" \/>\n\t<meta property=\"og:image:height\" content=\"1038\" \/>\n\t<meta property=\"og:image:type\" content=\"image\/jpeg\" \/>\n<meta name=\"twitter:card\" content=\"summary_large_image\" \/>\n<meta name=\"twitter:label1\" content=\"Tiempo de lectura\" \/>\n\t<meta name=\"twitter:data1\" content=\"2 minutos\" \/>\n<script type=\"application\/ld+json\" class=\"yoast-schema-graph\">{\"@context\":\"https:\/\/schema.org\",\"@graph\":[{\"@type\":\"WebPage\",\"@id\":\"https:\/\/warp-project.eu\/about\/\",\"url\":\"https:\/\/warp-project.eu\/about\/\",\"name\":\"About - Warp\",\"isPartOf\":{\"@id\":\"https:\/\/warp-project.eu\/#website\"},\"primaryImageOfPage\":{\"@id\":\"https:\/\/warp-project.eu\/about\/#primaryimage\"},\"image\":{\"@id\":\"https:\/\/warp-project.eu\/about\/#primaryimage\"},\"thumbnailUrl\":\"https:\/\/warp-project.eu\/wp-content\/uploads\/2025\/05\/9.jpg\",\"datePublished\":\"2025-04-25T14:37:28+00:00\",\"dateModified\":\"2025-05-17T05:41:39+00:00\",\"breadcrumb\":{\"@id\":\"https:\/\/warp-project.eu\/about\/#breadcrumb\"},\"inLanguage\":\"es\",\"potentialAction\":[{\"@type\":\"ReadAction\",\"target\":[\"https:\/\/warp-project.eu\/about\/\"]}]},{\"@type\":\"ImageObject\",\"inLanguage\":\"es\",\"@id\":\"https:\/\/warp-project.eu\/about\/#primaryimage\",\"url\":\"https:\/\/warp-project.eu\/wp-content\/uploads\/2025\/05\/9.jpg\",\"contentUrl\":\"https:\/\/warp-project.eu\/wp-content\/uploads\/2025\/05\/9.jpg\"},{\"@type\":\"BreadcrumbList\",\"@id\":\"https:\/\/warp-project.eu\/about\/#breadcrumb\",\"itemListElement\":[{\"@type\":\"ListItem\",\"position\":1,\"name\":\"Home\",\"item\":\"https:\/\/warp-project.eu\/\"},{\"@type\":\"ListItem\",\"position\":2,\"name\":\"About\"}]},{\"@type\":\"WebSite\",\"@id\":\"https:\/\/warp-project.eu\/#website\",\"url\":\"https:\/\/warp-project.eu\/\",\"name\":\"Warp\",\"description\":\"\",\"potentialAction\":[{\"@type\":\"SearchAction\",\"target\":{\"@type\":\"EntryPoint\",\"urlTemplate\":\"https:\/\/warp-project.eu\/?s={search_term_string}\"},\"query-input\":{\"@type\":\"PropertyValueSpecification\",\"valueRequired\":true,\"valueName\":\"search_term_string\"}}],\"inLanguage\":\"es\"}]}<\/script>\n<!-- \/ Yoast SEO plugin. -->","yoast_head_json":{"title":"About - Warp","robots":{"index":"noindex","follow":"follow","max-snippet":"max-snippet:-1","max-image-preview":"max-image-preview:large","max-video-preview":"max-video-preview:-1"},"og_locale":"es_ES","og_type":"article","og_title":"About - Warp","og_description":"ABOUT THE PROJECT The Waste and Recycling","og_url":"https:\/\/warp-project.eu\/es\/about\/","og_site_name":"Warp","article_modified_time":"2025-05-17T05:41:39+00:00","og_image":[{"width":1600,"height":1038,"url":"https:\/\/warp-project.eu\/wp-content\/uploads\/2025\/05\/9.jpg","type":"image\/jpeg"}],"twitter_card":"summary_large_image","twitter_misc":{"Tiempo de lectura":"2 minutos"},"schema":{"@context":"https:\/\/schema.org","@graph":[{"@type":"WebPage","@id":"https:\/\/warp-project.eu\/about\/","url":"https:\/\/warp-project.eu\/about\/","name":"About - Warp","isPartOf":{"@id":"https:\/\/warp-project.eu\/#website"},"primaryImageOfPage":{"@id":"https:\/\/warp-project.eu\/about\/#primaryimage"},"image":{"@id":"https:\/\/warp-project.eu\/about\/#primaryimage"},"thumbnailUrl":"https:\/\/warp-project.eu\/wp-content\/uploads\/2025\/05\/9.jpg","datePublished":"2025-04-25T14:37:28+00:00","dateModified":"2025-05-17T05:41:39+00:00","breadcrumb":{"@id":"https:\/\/warp-project.eu\/about\/#breadcrumb"},"inLanguage":"es","potentialAction":[{"@type":"ReadAction","target":["https:\/\/warp-project.eu\/about\/"]}]},{"@type":"ImageObject","inLanguage":"es","@id":"https:\/\/warp-project.eu\/about\/#primaryimage","url":"https:\/\/warp-project.eu\/wp-content\/uploads\/2025\/05\/9.jpg","contentUrl":"https:\/\/warp-project.eu\/wp-content\/uploads\/2025\/05\/9.jpg"},{"@type":"BreadcrumbList","@id":"https:\/\/warp-project.eu\/about\/#breadcrumb","itemListElement":[{"@type":"ListItem","position":1,"name":"Home","item":"https:\/\/warp-project.eu\/"},{"@type":"ListItem","position":2,"name":"About"}]},{"@type":"WebSite","@id":"https:\/\/warp-project.eu\/#website","url":"https:\/\/warp-project.eu\/","name":"Warp","description":"","potentialAction":[{"@type":"SearchAction","target":{"@type":"EntryPoint","urlTemplate":"https:\/\/warp-project.eu\/?s={search_term_string}"},"query-input":{"@type":"PropertyValueSpecification","valueRequired":true,"valueName":"search_term_string"}}],"inLanguage":"es"}]}},"uagb_featured_image_src":{"full":false,"thumbnail":false,"medium":false,"medium_large":false,"large":false,"1536x1536":false,"2048x2048":false,"trp-custom-language-flag":false},"uagb_author_info":{"display_name":"admin","author_link":"https:\/\/warp-project.eu\/es\/author\/liaisewpadmn\/"},"uagb_comment_info":0,"uagb_excerpt":"ABOUT THE PROJECT The Waste and Recycling","_links":{"self":[{"href":"https:\/\/warp-project.eu\/es\/wp-json\/wp\/v2\/pages\/73","targetHints":{"allow":["GET"]}}],"collection":[{"href":"https:\/\/warp-project.eu\/es\/wp-json\/wp\/v2\/pages"}],"about":[{"href":"https:\/\/warp-project.eu\/es\/wp-json\/wp\/v2\/types\/page"}],"author":[{"embeddable":true,"href":"https:\/\/warp-project.eu\/es\/wp-json\/wp\/v2\/users\/1"}],"replies":[{"embeddable":true,"href":"https:\/\/warp-project.eu\/es\/wp-json\/wp\/v2\/comments?post=73"}],"version-history":[{"count":10,"href":"https:\/\/warp-project.eu\/es\/wp-json\/wp\/v2\/pages\/73\/revisions"}],"predecessor-version":[{"id":330,"href":"https:\/\/warp-project.eu\/es\/wp-json\/wp\/v2\/pages\/73\/revisions\/330"}],"wp:attachment":[{"href":"https:\/\/warp-project.eu\/es\/wp-json\/wp\/v2\/media?parent=73"}],"curies":[{"name":"wp","href":"https:\/\/api.w.org\/{rel}","templated":true}]}}

Conócenos

<div data-aos= "slide-up" data-aos-duration="400" data-aos-delay="0" data-aos-easing="ease" data-aos-once="true" class="wp-block-uagb-container main-page-green upper-paper-bg uagb-block-ec3ed751 alignfull uagb-is-root-container">
<div class="wp-block-uagb-container uagb-block-6da24eda alignfull uagb-is-root-container">
<h2 class="wp-block-heading">Acerca del proyecto</h2>



<div class="wp-block-columns is-layout-flex wp-container-core-columns-is-layout-9d6595d7 wp-block-columns-is-layout-flex">
<div class="wp-block-column is-layout-flow wp-block-column-is-layout-flow" style="flex-basis:66.66%">
<p>El proyecto de Gestión de Residuos y Reciclaje para la Transición Dual de la Formación Profesional (WARP, por sus siglas en inglés) es una iniciativa diseñada para mejorar la formación profesional en los Balcanes Occidentales que busca capacitar a los formadores de educación y formación de profesionales (EFP) en competencias digitales y ecológicas con el objetivo de gestionar los residuos plásticos de forma sostenible e innovar las prácticas de reciclaje. Al frente de este proyecto se encuentra un consorcio formado por nueve socios de cuatro países: Albania, Kosovo, Grecia y España.</p>



<p>El WARP prevé un avance sistemático, holístico e innovador en el panorama de la EFP en los países destinatarios que repercutirá a su vez en la sociedad global. El objetivo principal es fomentar la concienciación y la innovación en las prácticas y metodologías de gestión sostenible de residuos y reciclaje por medio de la capacitación de los formadores de EFP. De este modo, se educa tanto a los formadores como a los agentes sociales, gubernamentales y profesionales clave, con el fin de impulsar la implementación de soluciones eficaces frente al urgente desafío medioambiental de la contaminación por plásticos.</p>
</div>



<div class="wp-block-column is-layout-flow wp-block-column-is-layout-flow" style="flex-basis:33.33%">
<figure class="wp-block-image size-full"><img loading="lazy" decoding="async" width="1600" height="1038" src="https://warp-project.eu/wp-content/uploads/2025/05/9.jpg" alt="9" class="wp-image-245" srcset="https://warp-project.eu/wp-content/uploads/2025/05/9.jpg 1600w, https://warp-project.eu/wp-content/uploads/2025/05/9-650x422.jpg 650w, https://warp-project.eu/wp-content/uploads/2025/05/9-1280x830.jpg 1280w, https://warp-project.eu/wp-content/uploads/2025/05/9-768x498.jpg 768w, https://warp-project.eu/wp-content/uploads/2025/05/9-1536x996.jpg 1536w, https://warp-project.eu/wp-content/uploads/2025/05/9-18x12.jpg 18w" sizes="auto, (max-width: 1600px) 100vw, 1600px" /></figure>
</div>
</div>



<h2 class="wp-block-heading">Metodología autosostenible de WARP</h2>



<div class="wp-block-columns is-layout-flex wp-container-core-columns-is-layout-9d6595d7 wp-block-columns-is-layout-flex">
<div class="wp-block-column is-layout-flow wp-block-column-is-layout-flow" style="flex-basis:66.66%">
<p><strong>1. Paquete de desarrollo de capacidades:</strong></p>



<ul class="wp-block-list about-list">
<li>Planes de estudio modulares que facilitan un aprendizaje autónomo y flexible.</li>



<li>Cursos de autonomía libre a través de un Entorno Virtual de Aprendizaje (VLE)</li>



<li>Recursos educativos de libre acceso (OER)</li>
</ul>



<p><strong>2. Tutoría y estudios de caso</strong></p>



<ul class="wp-block-list about-list">
<li>Fomentar el crecimiento individual al enfrentarse a problemas reales.</li>



<li>Fomentar el aprendizaje reflexivo y su puesta en práctica</li>
</ul>



<p><strong></strong><strong>3. Hermanamiento y movilidad</strong></p>



<ul class="wp-block-list about-list">
<li>Cultivar habilidades prácticas alineadas con las necesidades del mercado y del entorno</li>



<li>Aprendizaje basado en proyectos que permite aplicar los conocimientos en contextos prácticos</li>
</ul>



<p><strong></strong><strong>4. Formación de formadores (ToT)</strong></p>



<ul class="wp-block-list about-list">
<li>Aprendizaje basado en proyectos que permite aplicar los conocimientos en contextos prácticos</li>



<li>Cultivar habilidades prácticas alineadas con las necesidades del mercado y del entorno</li>
</ul>



<p><strong>5. Colaboración con la comunidad y la industria</strong></p>



<p>Un elemento central de WARP es la Comunidad de Prácticas (CoP, por sus siglas en inglés), una red cada vez mayor de profesionales de la EFP dedicados a:</p>



<ul class="wp-block-list about-list">
<li>El aprendizaje y la colaboración continuos</li>



<li>El intercambio de enfoques innovadores</li>



<li>El mantenimiento de la alineación con las normas de la industria y del mercado laboral</li>
</ul>
</div>



<div class="wp-block-column is-layout-flow wp-block-column-is-layout-flow" style="flex-basis:33.33%">
<figure class="wp-block-image size-full"><img loading="lazy" decoding="async" width="1600" height="1472" src="https://warp-project.eu/wp-content/uploads/2025/05/10.png" alt="10" class="wp-image-251" srcset="https://warp-project.eu/wp-content/uploads/2025/05/10.png 1600w, https://warp-project.eu/wp-content/uploads/2025/05/10-650x598.png 650w, https://warp-project.eu/wp-content/uploads/2025/05/10-1280x1178.png 1280w, https://warp-project.eu/wp-content/uploads/2025/05/10-768x707.png 768w, https://warp-project.eu/wp-content/uploads/2025/05/10-1536x1413.png 1536w, https://warp-project.eu/wp-content/uploads/2025/05/10-13x12.png 13w" sizes="auto, (max-width: 1600px) 100vw, 1600px" /></figure>
</div>
</div>
</div>
</div>
